 0). What is the tens digit of (6/4 - w) + (-9707)/(-34)?
8
Suppose 3*b = -3*i + 30, 15 = -b + i + 3*i. Suppose 2*g = 4*c - 68, b*g - 115 = c - 6*c. Let n = -10 + c. What is the units digit of n?
9
Let w = -88 + 310. What is the units digit of w?
2
Let o(p) be the first derivative of -2*p**2 + 23*p - 10. Let a(q) = 2*q - 12. Let n(m) = -5*a(m) - 3*o(m). What is the tens digit of n(12)?
1
Let v(n) = -n**2 + n + 418. Let u be v(0). Suppose 4*h - 2*r - 331 = -r, 5*h = -3*r + u. What is the units digit of h?
3
Suppose 0 = -2*t + 3*t - 5*a - 104, 0 = 4*t + 4*a - 488. What is the hundreds digit of t?
1
Let r(q) = q**2 - 50*q - 175. What is the hundreds digit of r(-35)?
8
Suppose 4*y + 3081 = 5*m, -2*y + 4 = 2*y. What is the hundreds digit of m?
6
Suppose 2*b + 2*w = 7*w + 3312, -5*b - w = -8253. What is the thousands digit of b?
1
Suppose 4*s - 1412 - 3524 = -4*z, -5*s = -4*z + 4954. Suppose 20*u = 2464 + z. What is the hundreds digit of u?
1
Let y(f) = f**3 + 3*f**2 - f + 968. What is the tens digit of y(0)?
6
Suppose a = f - 19, -2*a = 5*f - 97 - 33. What is the units digit of f?
4
Let x(r) be the first derivative of -r**3/3 - 15*r**2 - 63*r - 36. What is the hundreds digit of x(-20)?
1
Let x = -38 + 322. What is the tens digit of x?
8
What is the units digit of 599 - (0 + 8 - (-12 + 21))?
0
Let n = 81 + -58. Suppose -5*h + 63 = n. Suppose 4*l - 4 - h = 0. What is the units digit of l?
3
Suppose b + 0*y = 3*y + 382, -1500 = -4*b + 5*y. Let i = b + -181. What is the hundreds digit of i?
1
Suppose -2*w + 2*y + 6024 = 0, -4*w + 3*y = -0*y - 12049. What is the tens digit of w?
1
Let m be (-1 + 0)*(12 + -12). Let n(f) = -f**2 - 4*f - 22. Let d(k) = k. Let r(u) = -3*d(u) - n(u). What is the units digit of r(m)?
2
Let q(x) = -54*x - 589. What is the hundreds digit of q(-41)?
6
Let i = 895 + -584. Suppose -3*u + 317 = -u - 3*h, -2*u + i = -5*h. What is the units digit of u?
3
Let l(v) be the second derivative of v**3/6 + 5*v**2/2 + 10*v. Let w be l(0). Suppose w*z - 1 = 34. What is the units digit of z?
7
Let k be -1 + (2 - 0) + 51/3. Let j = k + 48. What is the units digit of j?
6
Suppose -4 = -4*m - b + 6, -4 = 2*m + 5*b. Suppose 2*u = -m*o + u + 7, -22 = -3*o + 2*u. Suppose -y = -o*y + 60. What is the units digit of y?
0
Suppose -38*y + 57*y = 87685. What is the tens digit of y?
1
Let x = 468 + 285. What is the tens digit of 3 + x/9 + (-8)/12?
8
Let s(k) = 1 + 8*k + 10 - 8 + 11. What is the units digit of s(8)?
8
What is the units digit of 10 + -8 + (202 - 0)?
4
Let v(p) = -2*p**3 + p + 4. Let g be v(-3). Let r be 340/g + 4/(-22). What is the units digit of (r/(-3))/(-2) + 12?
3
Suppose 0 = 3*q - 5*q + 10. Suppose 0 = q*t + 24 - 129. Suppose 4*j - 19 - t = 0. What is the units digit of j?
0
Let i = 1105 - 486. What is the tens digit of i?
1
Let n be 8 - 1*(5 - 1). Suppose 0 = 2*l - 4*l - 4*d, -2*l + n*d = -16. Suppose -5*p - x + 145 + 146 = 0, l*p = x + 231. What is the units digit of p?
8
Let s(j) = j**3 + 25*j**2 + 18*j + 17. Suppose l + 32 = 8. What is the hundreds digit of s(l)?
1
Let u(q) = 15*q - 1. Let d be ((-2)/(-6))/(7/63) - -2. What is the tens digit of u(d)?
7
What is the hundreds digit of (7 + (-153)/27)*(-690)/(-4)?
2
Let p(i) = 2962*i**3 + 2*i**2 - 4*i + 3. What is the thousands digit of p(1)?
2
Let d be -4*1/(-8) - (-4)/(-8). Suppose d = 3*v + 4*n - 189, 2*v - 121 = -0*v - n. What is the tens digit of v?
5
Let r = 160 + -263. Let m = r - -189. What is the units digit of m?
6
Suppose -6*v - 4*v = 0. Suppose v = 30*t - 31*t + 57. What is the units digit of t?
7
Suppose -2*k - 4*t = -4, 2*t + t + 10 = 5*k. Suppose m - 141 = -g, -k*m = -5*m - 5*g + 415. What is the tens digit of m?
4
Let y = -11415 - -16783. What is the thousands digit of y?
5
Let w = -2336 - -3804. What is the hundreds digit of w?
4
Let g = -10 - -8. Let b be (6/2 + g)*-52. Let t = 74 + b. What is the units digit of t?
2
Let d be (-3)/((-3)/2 - 0). Let h(u) = 2*u - 11. Let x be h(8). Suppose x = -5*s, 0 = -p + 4*s + 14 - d. What is the units digit of p?
8
Let q = 6578 + -1741. What is the tens digit of q?
3
Let q(g) = 5*g**2 - 2*g + 2. Let d be q(1). Suppose 0 = -2*x + d + 1. What is the units digit of x/6 - (-44)/8?
6
Let o be 13/4*(-216)/(-6). What is the tens digit of ((-8)/3)/(-4)*(0 + o)?
7
What is the thousands digit of (-120)/108 + (-16345)/(-9)?
1
Suppose 0*s = -5*s - 65. Let m = s + 13. Suppose -v + 33 = -m*v. What is the units digit of v?
3
Let o be (1 - (-27)/(-6))/(2/(-412)). Suppose 3*f = 6*x - x - o, -5*x = 5*f - 705. What is the units digit of x?
3
Let h(o) = 158*o**3 + 2*o**2 - 2*o + 1. Let q be h(1). What is the tens digit of -3 + (-4 + q - -1)?
5
Let h = 26 - 14. Let i = 13 - h. Let l(t) = 10*t. What is the units digit of l(i)?
0
Let t(z) = -9*z**3 - 2*z**2 + 2*z + 3. Suppose 2*y = -6 + 2. What is the tens digit of t(y)?
6
Suppose -15*c = -11960 - 44125. What is the hundreds digit of c?
7
Let r = -34 - -37. Suppose -r = -3*f + 57. Suppose -2*c + f = -c. What is the units digit of c?
0
What is the units digit of (-30 + 83)/((-2)/(-16))?
4
Let l(u) be the third derivative of 7*u**5/20 + u**4/6 - 3*u**3 + 31*u**2. What is the tens digit of l(3)?
8
Suppose -9 = -t - 5, -2*l = -5*t + 30. Let b(h) = -16*h + 29. What is the units digit of b(l)?
9
Let z = -469 + 526. What is the tens digit of z?
5
What is the units digit of (16 + -17)/(1/(-31))?
1
Suppose -3724 = -4*c - 4*z, 79*z + 4635 = 5*c + 74*z. What is the tens digit of c?
2
Let i(h) = h**3 + 7*h**2 - 8*h + 20. Let t be i(-6). Let u = t - -106. What is the tens digit of u?
1
Let n(l) = -12*l - 41. Let u(g) = 6*g + 20. Let h(i) = -3*n(i) - 7*u(i). What is the tens digit of h(-7)?
2
Let c = 74 + -37. Let m = c + -21. Let p = m + 0. What is the tens digit of p?
1
Let o be ((-3 - -2) + 1)/(-5 + 3). Suppose 0*g + 2*g + 3*d - 70 = o, d + 4 = 0. What is the units digit of g?
1
Let a(k) = k**2 + 12*k + 13. Let i be a(-9). Let h = i + 45. Let n = 44 - h. What is the units digit of n?
3
Suppose 5*v + 765 = 3*s, 0 = -v + 4*v - 5*s + 475. Let d = -64 - v. What is the units digit of d?
6
Let n = -34 + 38. Suppose -2*o + 5*y + 185 = 0, 0 = -o - 0*o - n*y + 99. What is the units digit of o?
5
Let d be 33/5 + (-4)/(-10). Let b = d + -22. What is the units digit of (b/(-20))/((-1)/(-20))?
5
Let k = 8 + -12. Let y = k - 12. What is the units digit of (-22)/(-4) - 8/y?
6
Let a = 6 + -20. Let q be a/(-49) - 12/(-7). Suppose -q*g + 11 = 3*n, 0*g - 3*g = 5*n - 18. What is the units digit of g?
1
Let b = -24 + 26. What is the units digit of (8 + -10)/(b/(-3))?
3
Let z(c) be the first derivative of -15*c**4/4 + c**3/3 - c**2/2 + c - 5. Let b be z(1). What is the units digit of b/(-18) + (-4)/(-18)?
1
Suppose -t + 161 + 197 = 0. What is the tens digit of 24/(-32) - t/(-8)?
4
Suppose -4*v + 1 = -3*v. What is the tens digit of 78 + 12/(-3) + v?
7
Let k be 2/7 - (-235)/35. Let j = k - 45. Let m = j + 64. What is the units digit of m?
6
Let s be (6 + (-11 - -5))/(0 + -1). What is the tens digit of -1 + 4 + 106 + s?
0
Let n(t) = 20*t**2 - 9*t + 69. What is the hundreds digit of n(6)?
7
What is the units digit of -7 + (39 - -6 - -2)?
0
Let u(b) = 129*b - 202. What is the units digit of u(10)?
8
Let j(x) = 43*x**2 + 4*x - 1. What is the thousands digit of j(-5)?
1
Let u be (-610)/(-9) - (-40)/180. Suppose p - 3*i - 115 = 0, p = -5*i + u + 71. What is the units digit of p?
4
Suppose -3*k = 0, 7*k = 2*t + 5*k - 8228. What is the tens digit of t?
1
Let u = 742 - 135. What is the tens digit of u?
0
Let y = -4 + 6. Suppose -3*k - 314 = 4*b, 3*k = -5*b + y*k - 387. Let l = -50 - b. What is the units digit of l?
7
Let g(j) = 35*j**2 + 12*j + 6. What is the hundreds digit of g(-8)?
1
Let j(n) = -n**2 + 5*n + 6. Let q be j(6). Suppose 3*v = -q*v. Suppose 3*k - 4*k + 26 = v. What is the units digit of k?
6
Let s(m) = 9 - 3*m + m + 7. What is the tens digit of s(-7)?
3
Suppose -3*x - 19 = -145. Suppose 2*c - 50 = -2*w, 10 = 2*c + w - x. What is the tens digit of c?
2
Suppose 0 = -3*l + 12, -3*k - k - 5*l = -1816. What is the hundreds digit of k?
4
Let x be (-2)/(-16) + 514/(-16). Let p = 52 + x. What is the tens digit of p?
2
Let w(p) = -12*p**3 - p. Let r be ((-2)/2)/(1/(-3)). Suppose -r = 4*s + 1. What is the units digit of w(s)?
3
Suppose 5*